{"id":98,"date":"2025-01-04T18:59:00","date_gmt":"2025-01-04T18:59:00","guid":{"rendered":"https:\/\/naehwittchen.ch\/?page_id=98"},"modified":"2025-04-20T22:29:07","modified_gmt":"2025-04-20T22:29:07","slug":"impressum","status":"publish","type":"page","link":"https:\/\/naehwittchen.ch\/?page_id=98","title":{"rendered":"Impressum"},"content":{"rendered":"<p>[et_pb_section admin_label=&#8220;section&#8220;]<br \/>\n\t\t\t[et_pb_row admin_label=&#8220;row&#8220;]<br \/>\n\t\t\t\t[et_pb_column type=&#8220;4_4&#8243;][et_pb_text admin_label=&#8220;Text&#8220;]<\/p>\n<header>\n<div><\/div>\n<div id=\"imPgTitle\"><strong><i>Kontakt-Adresse<\/i><\/strong><\/div>\n<\/header>\n<div id=\"imCell_1\" class=\"\">\n<div id=\"imTextObject_14_01\">\n<div id=\"imTextObject_14_01_tab0\" class=\"text-tab-content grid-prop current-tab \" data-index=\"0\">\n<div class=\"text-inner\">\n<p>Wiget-Albisser&#8217;s N\u00e4chwittchen<br \/>\nEvelyn Wiget-Albisser<br \/>\nS\u00e4ntihof 1<br \/>\n6014 Luzern<br \/>\nSchweiz<\/p>\n<p>E-Mail: mail \u00a6a t\u00a6 naehwittchen.ch<\/p>\n<p><strong><i>Vertretungsberechtigte Person(en)<\/i><\/strong><\/p>\n<p>Alexander Wiget<\/p>\n<p><strong><i>Handelsregister-Eintrag<\/i><\/strong><\/p>\n<p>Eingetragener Firmenname:<br \/>\n<strong>Wiget-Albisser&#8217;s N\u00e4chwittchen<\/strong><\/p>\n<p>Unternehmens-Nr (UID):<br \/>\n<strong>CHE-344.286.027<\/strong><\/p>\n<p><strong><i>Haftungsausschluss<\/i><\/strong><\/p>\n<p>Der Autor \u00fcbernimmt keinerlei Gew\u00e4hr hinsichtlich der inhaltlichen Richtigkeit, Genauigkeit, Aktualit\u00e4t, Zuverl\u00e4ssigkeit und Vollst\u00e4ndigkeit der Informationen.<\/p>\n<p>Haftungsanspr\u00fcche gegen den Autor wegen Sch\u00e4den materieller oder immaterieller Art, welche aus dem Zugriff oder der Nutzung bzw. Nichtnutzung der ver\u00f6ffentlichten Informationen, durch Missbrauch der Verbindung oder durch technische St\u00f6rungen entstanden sind, werden ausgeschlossen.<\/p>\n<p>Alle Angebote sind unverbindlich. Der Autor beh\u00e4lt es sich ausdr\u00fccklich vor, Teile der Seiten oder das gesamte Angebot ohne besondere Ank\u00fcndigung zu ver\u00e4ndern, zu erg\u00e4nzen, zu l\u00f6schen oder die Ver\u00f6ffentlichung zeitweise oder endg\u00fcltig einzustellen.<\/p>\n<p><strong><i>Haftungsausschluss f\u00fcr Links<\/i><\/strong><\/p>\n<p>Verweise und Links auf Webseiten Dritter liegen ausserhalb unseres Verantwortungsbereichs. Es wird jegliche Verantwortung f\u00fcr solche Webseiten abgelehnt. Der Zugriff und die Nutzung solcher Webseiten erfolgen auf eigene Gefahr des jeweiligen Nutzers.<\/p>\n<p><strong><i>Urheberrechte<\/i><\/strong><\/p>\n<p>Die Urheber- und alle anderen Rechte an Inhalten, Bildern, Fotos oder anderen Dateien auf dieser Website, geh\u00f6ren ausschliesslich\u00a0<strong>Evelyn Wiget-Albisser<\/strong>\u00a0oder den speziell genannten Rechteinhabern. F\u00fcr die Reproduktion jeglicher Elemente ist die schriftliche Zustimmung des Urheberrechtstr\u00e4gers im Voraus einzuholen.<\/p>\n<p>Quelle:\u00a0<a href=\"https:\/\/www.swissanwalt.ch\/\" target=\"_blank\" rel=\"noopener\">SwissAnwalt<\/a><\/p>\n<\/div>\n<\/div>\n<\/div>\n<\/div>\n<p>[\/et_pb_text][\/et_pb_column]<br \/>\n\t\t\t[\/et_pb_row]<br \/>\n\t\t[\/et_pb_section]<\/p>\n","protected":false},"excerpt":{"rendered":"<p>Kontakt-Adresse Wiget-Albisser&#8217;s N\u00e4chwittchen Evelyn Wiget-Albisser S\u00e4ntihof 1 6014 Luzern Schweiz E-Mail: mail \u00a6a t\u00a6 naehwittchen.ch Vertretungsberechtigte Person(en) Alexander Wiget Handelsregister-Eintrag Eingetragener Firmenname: Wiget-Albisser&#8217;s N\u00e4chwittchen Unternehmens-Nr (UID): CHE-344.286.027 Haftungsausschluss Der Autor \u00fcbernimmt keinerlei Gew\u00e4hr hinsichtlich der inhaltlichen Richtigkeit, Genauigkeit, Aktualit\u00e4t, Zuverl\u00e4ssigkeit und Vollst\u00e4ndigkeit der Informationen. Haftungsanspr\u00fcche gegen den Autor wegen Sch\u00e4den materieller oder immaterieller Art, welche [&hellip;]<\/p>\n","protected":false},"author":3,"featured_media":0,"parent":0,"menu_order":0,"comment_status":"closed","ping_status":"closed","template":"","meta":{"_et_pb_use_builder":"on","_et_pb_old_content":"<header>\r\n<div><\/div>\r\n<div id=\"imPgTitle\"><strong><i>Kontakt-Adresse<\/i><\/strong><\/div>\r\n<\/header>\r\n<div id=\"imCell_1\" class=\"\">\r\n<div id=\"imTextObject_14_01\">\r\n<div id=\"imTextObject_14_01_tab0\" class=\"text-tab-content grid-prop current-tab \" data-index=\"0\">\r\n<div class=\"text-inner\">\r\n\r\nWiget-Albisser's N\u00e4chwittchen\r\nEvelyn Wiget-Albisser\r\nS\u00e4ntihof 1\r\n6014 Luzern\r\nSchweiz\r\n\r\nE-Mail: mail \u00a6a t\u00a6 naehwittchen.ch\r\n\r\n<strong><i>Vertretungsberechtigte Person(en)<\/i><\/strong>\r\n\r\nAlexander Wiget\r\n\r\n<strong><i>Handelsregister-Eintrag<\/i><\/strong>\r\n\r\nEingetragener Firmenname:\r\n<strong>Wiget-Albisser's N\u00e4chwittchen<\/strong>\r\n\r\nUnternehmens-Nr (UID):\r\n<strong>CHE-344.286.027<\/strong>\r\n\r\n<strong><i>Haftungsausschluss<\/i><\/strong>\r\n\r\nDer Autor \u00fcbernimmt keinerlei Gew\u00e4hr hinsichtlich der inhaltlichen Richtigkeit, Genauigkeit, Aktualit\u00e4t, Zuverl\u00e4ssigkeit und Vollst\u00e4ndigkeit der Informationen.\r\n\r\nHaftungsanspr\u00fcche gegen den Autor wegen Sch\u00e4den materieller oder immaterieller Art, welche aus dem Zugriff oder der Nutzung bzw. Nichtnutzung der ver\u00f6ffentlichten Informationen, durch Missbrauch der Verbindung oder durch technische St\u00f6rungen entstanden sind, werden ausgeschlossen.\r\n\r\nAlle Angebote sind unverbindlich. Der Autor beh\u00e4lt es sich ausdr\u00fccklich vor, Teile der Seiten oder das gesamte Angebot ohne besondere Ank\u00fcndigung zu ver\u00e4ndern, zu erg\u00e4nzen, zu l\u00f6schen oder die Ver\u00f6ffentlichung zeitweise oder endg\u00fcltig einzustellen.\r\n\r\n<strong><i>Haftungsausschluss f\u00fcr Links<\/i><\/strong>\r\n\r\nVerweise und Links auf Webseiten Dritter liegen ausserhalb unseres Verantwortungsbereichs. Es wird jegliche Verantwortung f\u00fcr solche Webseiten abgelehnt. Der Zugriff und die Nutzung solcher Webseiten erfolgen auf eigene Gefahr des jeweiligen Nutzers.\r\n\r\n<strong><i>Urheberrechte<\/i><\/strong>\r\n\r\nDie Urheber- und alle anderen Rechte an Inhalten, Bildern, Fotos oder anderen Dateien auf dieser Website, geh\u00f6ren ausschliesslich\u00a0<strong>Evelyn Wiget-Albisser<\/strong>\u00a0oder den speziell genannten Rechteinhabern. F\u00fcr die Reproduktion jeglicher Elemente ist die schriftliche Zustimmung des Urheberrechtstr\u00e4gers im Voraus einzuholen.\r\n\r\nQuelle:\u00a0<a href=\"https:\/\/www.swissanwalt.ch\/\" target=\"_blank\" rel=\"noopener\">SwissAnwalt<\/a>\r\n\r\n<\/div>\r\n<\/div>\r\n<\/div>\r\n<\/div>","_et_gb_content_width":"","_glsr_average":0,"_glsr_ranking":0,"_glsr_reviews":0,"footnotes":""},"class_list":["post-98","page","type-page","status-publish","hentry"],"yoast_head":"<!-- This site is optimized with the Yoast SEO plugin v27.4 - https:\/\/yoast.com\/product\/yoast-seo-wordpress\/ -->\n<title>Impressum - Wiget-Albisser&#039;s N\u00e4hwittchen<\/title>\n<meta name=\"robots\" content=\"index, follow, max-snippet:-1, max-image-preview:large, max-video-preview:-1\" \/>\n<link rel=\"canonical\" href=\"https:\/\/naehwittchen.ch\/?page_id=98\" \/>\n<meta property=\"og:locale\" content=\"de_DE\" \/>\n<meta property=\"og:type\" content=\"article\" \/>\n<meta property=\"og:title\" content=\"Impressum - Wiget-Albisser&#039;s N\u00e4hwittchen\" \/>\n<meta property=\"og:description\" content=\"Kontakt-Adresse Wiget-Albisser&#039;s N\u00e4chwittchen Evelyn Wiget-Albisser S\u00e4ntihof 1 6014 Luzern Schweiz E-Mail: mail \u00a6a t\u00a6 naehwittchen.ch Vertretungsberechtigte Person(en) Alexander Wiget Handelsregister-Eintrag Eingetragener Firmenname: Wiget-Albisser&#039;s N\u00e4chwittchen Unternehmens-Nr (UID): CHE-344.286.027 Haftungsausschluss Der Autor \u00fcbernimmt keinerlei Gew\u00e4hr hinsichtlich der inhaltlichen Richtigkeit, Genauigkeit, Aktualit\u00e4t, Zuverl\u00e4ssigkeit und Vollst\u00e4ndigkeit der Informationen. Haftungsanspr\u00fcche gegen den Autor wegen Sch\u00e4den materieller oder immaterieller Art, welche [&hellip;]\" \/>\n<meta property=\"og:url\" content=\"https:\/\/naehwittchen.ch\/?page_id=98\" \/>\n<meta property=\"og:site_name\" content=\"Wiget-Albisser&#039;s N\u00e4hwittchen\" \/>\n<meta property=\"article:modified_time\" content=\"2025-04-20T22:29:07+00:00\" \/>\n<meta name=\"twitter:card\" content=\"summary_large_image\" \/>\n<meta name=\"twitter:label1\" content=\"Gesch\u00e4tzte Lesezeit\" \/>\n\t<meta name=\"twitter:data1\" content=\"1\u00a0Minute\" \/>\n<script type=\"application\/ld+json\" class=\"yoast-schema-graph\">{\"@context\":\"https:\\\/\\\/schema.org\",\"@graph\":[{\"@type\":\"WebPage\",\"@id\":\"https:\\\/\\\/naehwittchen.ch\\\/?page_id=98\",\"url\":\"https:\\\/\\\/naehwittchen.ch\\\/?page_id=98\",\"name\":\"Impressum - Wiget-Albisser&#039;s N\u00e4hwittchen\",\"isPartOf\":{\"@id\":\"https:\\\/\\\/naehwittchen.ch\\\/#website\"},\"datePublished\":\"2025-01-04T18:59:00+00:00\",\"dateModified\":\"2025-04-20T22:29:07+00:00\",\"breadcrumb\":{\"@id\":\"https:\\\/\\\/naehwittchen.ch\\\/?page_id=98#breadcrumb\"},\"inLanguage\":\"de\",\"potentialAction\":[{\"@type\":\"ReadAction\",\"target\":[\"https:\\\/\\\/naehwittchen.ch\\\/?page_id=98\"]}]},{\"@type\":\"BreadcrumbList\",\"@id\":\"https:\\\/\\\/naehwittchen.ch\\\/?page_id=98#breadcrumb\",\"itemListElement\":[{\"@type\":\"ListItem\",\"position\":1,\"name\":\"Startseite\",\"item\":\"https:\\\/\\\/naehwittchen.ch\\\/\"},{\"@type\":\"ListItem\",\"position\":2,\"name\":\"Impressum\"}]},{\"@type\":\"WebSite\",\"@id\":\"https:\\\/\\\/naehwittchen.ch\\\/#website\",\"url\":\"https:\\\/\\\/naehwittchen.ch\\\/\",\"name\":\"Wiget-Albisser's N\u00e4hwittchen\",\"description\":\"N\u00e4hen, N\u00e4hkurse, sticken und reparieren von Stoffen\",\"potentialAction\":[{\"@type\":\"SearchAction\",\"target\":{\"@type\":\"EntryPoint\",\"urlTemplate\":\"https:\\\/\\\/naehwittchen.ch\\\/?s={search_term_string}\"},\"query-input\":{\"@type\":\"PropertyValueSpecification\",\"valueRequired\":true,\"valueName\":\"search_term_string\"}}],\"inLanguage\":\"de\"}]}<\/script>\n<!-- \/ Yoast SEO plugin. -->","yoast_head_json":{"title":"Impressum - Wiget-Albisser&#039;s N\u00e4hwittchen","robots":{"index":"index","follow":"follow","max-snippet":"max-snippet:-1","max-image-preview":"max-image-preview:large","max-video-preview":"max-video-preview:-1"},"canonical":"https:\/\/naehwittchen.ch\/?page_id=98","og_locale":"de_DE","og_type":"article","og_title":"Impressum - Wiget-Albisser&#039;s N\u00e4hwittchen","og_description":"Kontakt-Adresse Wiget-Albisser's N\u00e4chwittchen Evelyn Wiget-Albisser S\u00e4ntihof 1 6014 Luzern Schweiz E-Mail: mail \u00a6a t\u00a6 naehwittchen.ch Vertretungsberechtigte Person(en) Alexander Wiget Handelsregister-Eintrag Eingetragener Firmenname: Wiget-Albisser's N\u00e4chwittchen Unternehmens-Nr (UID): CHE-344.286.027 Haftungsausschluss Der Autor \u00fcbernimmt keinerlei Gew\u00e4hr hinsichtlich der inhaltlichen Richtigkeit, Genauigkeit, Aktualit\u00e4t, Zuverl\u00e4ssigkeit und Vollst\u00e4ndigkeit der Informationen. Haftungsanspr\u00fcche gegen den Autor wegen Sch\u00e4den materieller oder immaterieller Art, welche [&hellip;]","og_url":"https:\/\/naehwittchen.ch\/?page_id=98","og_site_name":"Wiget-Albisser&#039;s N\u00e4hwittchen","article_modified_time":"2025-04-20T22:29:07+00:00","twitter_card":"summary_large_image","twitter_misc":{"Gesch\u00e4tzte Lesezeit":"1\u00a0Minute"},"schema":{"@context":"https:\/\/schema.org","@graph":[{"@type":"WebPage","@id":"https:\/\/naehwittchen.ch\/?page_id=98","url":"https:\/\/naehwittchen.ch\/?page_id=98","name":"Impressum - Wiget-Albisser&#039;s N\u00e4hwittchen","isPartOf":{"@id":"https:\/\/naehwittchen.ch\/#website"},"datePublished":"2025-01-04T18:59:00+00:00","dateModified":"2025-04-20T22:29:07+00:00","breadcrumb":{"@id":"https:\/\/naehwittchen.ch\/?page_id=98#breadcrumb"},"inLanguage":"de","potentialAction":[{"@type":"ReadAction","target":["https:\/\/naehwittchen.ch\/?page_id=98"]}]},{"@type":"BreadcrumbList","@id":"https:\/\/naehwittchen.ch\/?page_id=98#breadcrumb","itemListElement":[{"@type":"ListItem","position":1,"name":"Startseite","item":"https:\/\/naehwittchen.ch\/"},{"@type":"ListItem","position":2,"name":"Impressum"}]},{"@type":"WebSite","@id":"https:\/\/naehwittchen.ch\/#website","url":"https:\/\/naehwittchen.ch\/","name":"Wiget-Albisser's N\u00e4hwittchen","description":"N\u00e4hen, N\u00e4hkurse, sticken und reparieren von Stoffen","potentialAction":[{"@type":"SearchAction","target":{"@type":"EntryPoint","urlTemplate":"https:\/\/naehwittchen.ch\/?s={search_term_string}"},"query-input":{"@type":"PropertyValueSpecification","valueRequired":true,"valueName":"search_term_string"}}],"inLanguage":"de"}]}},"_links":{"self":[{"href":"https:\/\/naehwittchen.ch\/index.php?rest_route=\/wp\/v2\/pages\/98","targetHints":{"allow":["GET"]}}],"collection":[{"href":"https:\/\/naehwittchen.ch\/index.php?rest_route=\/wp\/v2\/pages"}],"about":[{"href":"https:\/\/naehwittchen.ch\/index.php?rest_route=\/wp\/v2\/types\/page"}],"author":[{"embeddable":true,"href":"https:\/\/naehwittchen.ch\/index.php?rest_route=\/wp\/v2\/users\/3"}],"replies":[{"embeddable":true,"href":"https:\/\/naehwittchen.ch\/index.php?rest_route=%2Fwp%2Fv2%2Fcomments&post=98"}],"version-history":[{"count":4,"href":"https:\/\/naehwittchen.ch\/index.php?rest_route=\/wp\/v2\/pages\/98\/revisions"}],"predecessor-version":[{"id":1298,"href":"https:\/\/naehwittchen.ch\/index.php?rest_route=\/wp\/v2\/pages\/98\/revisions\/1298"}],"wp:attachment":[{"href":"https:\/\/naehwittchen.ch\/index.php?rest_route=%2Fwp%2Fv2%2Fmedia&parent=98"}],"curies":[{"name":"wp","href":"https:\/\/api.w.org\/{rel}","templated":true}]}}